{"id":11710,"date":"2016-05-31T20:25:55","date_gmt":"2016-05-31T20:25:55","guid":{"rendered":"http:\/\/10.100.150.187\/renfa\/?page_id=11710"},"modified":"2018-04-06T12:23:10","modified_gmt":"2018-04-06T15:23:10","slug":"que-es-la-renfa","status":"publish","type":"page","link":"https:\/\/renfa.sma.gob.cl\/index.php\/que-es-la-renfa\/","title":{"rendered":"\u00bfQu\u00e9 es la RENFA?"},"content":{"rendered":"<p><div class=\"fusion-fullwidth fullwidth-box nonhundred-percent-fullwidth non-hundred-percent-height-scrolling\"  style='background-color: #ffffff;background-position: left top;background-repeat: no-repeat;padding-top:20px;padding-right:0px;padding-bottom:20px;padding-left:0px;border-top-width:0px;border-bottom-width:0px;border-color:#eae9e9;border-top-style:solid;border-bottom-style:solid;'><div class=\"fusion-builder-row fusion-row \"><div  class=\"fusion-layout-column fusion_builder_column fusion_builder_column_1_1 fusion-builder-column-1 fusion-one-full fusion-column-first fusion-column-last fusion-column-no-min-height 1_1\"  style='margin-top:0px;margin-bottom:0px;'>\n\t\t\t\t\t<div class=\"fusion-column-wrapper\" style=\"background-position:left top;background-repeat:no-repeat;-webkit-background-size:cover;-moz-background-size:cover;-o-background-size:cover;background-size:cover;\"   data-bg-url=\"\">\n\t\t\t\t\t\t<div class=\"fusion-title title fusion-title-1 sep-underline sep-dotted fusion-title-size-one\" style=\"border-bottom-color:#1c5f77;margin-top:0px;margin-bottom:30px;\"><h1 class=\"title-heading-left\" style=\"margin:0;\"><span style=\"color: #1c5f77;\">\u00bfQu\u00e9 es la RENFA?<\/span><\/h1><\/div><div class=\"fusion-clearfix\"><\/div>\n\n\t\t\t\t\t<\/div>\n\t\t\t\t<\/div><div  class=\"fusion-layout-column fusion_builder_column fusion_builder_column_1_1 fusion-builder-column-2 fusion-one-full fusion-column-first fusion-column-last 1_1\"  style='margin-top:0px;margin-bottom:40px;'>\n\t\t\t\t\t<div class=\"fusion-column-wrapper\" style=\"background-position:left top;background-repeat:no-repeat;-webkit-background-size:cover;-moz-background-size:cover;-o-background-size:cover;background-size:cover;\"   data-bg-url=\"\">\n\t\t\t\t\t\t<div class=\"fusion-image-frame-bottomshadow image-frame-shadow-1\"><style scoped=\"scoped\">.fusion-image-frame-bottomshadow.image-frame-shadow-1{display:inline-block}.element-bottomshadow.imageframe-1:before, .element-bottomshadow.imageframe-1:after{-webkit-box-shadow: 0 17px 10px rgba(0,0,0,0.4);box-shadow: 0 17px 10px rgba(0,0,0,0.4);}<\/style><span class=\"fusion-imageframe imageframe-bottomshadow imageframe-1 element-bottomshadow hover-type-none\"><img decoding=\"async\" loading=\"lazy\" src=\"http:\/\/renfa.sma.gob.cl\/wp-content\/uploads\/2016\/05\/todos_final-1-1024x502.jpg\" width=\"1024\" height=\"502\" alt=\"\" title=\"\u00bfQu\u00e9 es la RENFA?\" class=\"img-responsive\"\/><\/span><\/div><div class=\"fusion-clearfix\"><\/div>\n\n\t\t\t\t\t<\/div>\n\t\t\t\t<\/div><div  class=\"fusion-layout-column fusion_builder_column fusion_builder_column_1_1 fusion-builder-column-3 fusion-one-full fusion-column-first fusion-column-last 1_1\"  style='margin-top:0px;margin-bottom:20px;'>\n\t\t\t\t\t<div class=\"fusion-column-wrapper\" style=\"background-position:left top;background-repeat:no-repeat;-webkit-background-size:cover;-moz-background-size:cover;-o-background-size:cover;background-size:cover;\"   data-bg-url=\"\">\n\t\t\t\t\t\t<div class=\"fusion-text\"><p style=\"text-align: justify;\">La Red Nacional de Fiscalizaci\u00f3n Ambiental- RENFA- se cre\u00f3 en el a\u00f1o 2014 con la finalidad de fortalecer el modelo de fiscalizaci\u00f3n ambiental creado por la Ley N\u00b020.417 mediante un uso eficiente, eficaz y coordinado de las capacidades de fiscalizaci\u00f3n de los organismos con competencias ambiental a nivel nacional.<\/p>\n<p style=\"text-align: justify;\">La RENFA fue formalizada en agosto de 2015, mediante la suscripci\u00f3n de un Convenio de Colaboraci\u00f3n oficializado mediante la Resoluci\u00f3n Exenta N\u00b0 673\/2015, en la cual se establecen los objetivos de la misma y los mecanismos de acci\u00f3n para conseguirlos.<\/p>\n<p>En 2017, mediante la dictaci\u00f3n de la Resoluci\u00f3n Exenta N\u00b0 1292, se formaliz\u00f3 el plan de trabajo para el periodo 2017-2023, en el cual se establecen los ejes estrat\u00e9gicos, l\u00edneas de trabajo acciones y metas que se buscan alcanzar.<\/p>\n<\/div><div class=\"fusion-clearfix\"><\/div>\n\n\t\t\t\t\t<\/div>\n\t\t\t\t<\/div><div  class=\"fusion-layout-column fusion_builder_column fusion_builder_column_1_1 fusion-builder-column-4 fusion-one-full fusion-column-first fusion-column-last fusion-blend-mode 1_1\"  style='margin-top:0px;margin-bottom:20px;'>\n\t\t\t\t\t<div class=\"fusion-column-wrapper\" style=\"background-color:#eaeaea;border-left:4px solid #94c123;padding: 10px;background-position:left top;background-repeat:no-repeat;-webkit-background-size:cover;-moz-background-size:cover;-o-background-size:cover;background-size:cover;\"   data-bg-url=\"\">\n\t\t\t\t\t\t<div class=\"fusion-text\"><p><strong><a class=\"fusion-modal-text-link\" href=\"http:\/\/renfa.sma.gob.cl\/index.php\/que-es-la-renfa\/#\" data-toggle=\"modal\" data-target=\".modal_super\">\u201cBienvenidos al futuro\u201d, por Cristi\u00e1n Franz T., Superintendente del Medio Ambiente.<br \/>\nDiscurso de inauguraci\u00f3n Red Nacional de Fiscalizaci\u00f3n Ambiental.<\/a><\/strong><\/p>\n<\/div><div class=\"fusion-clearfix\"><\/div>\n\n\t\t\t\t\t<\/div>\n\t\t\t\t<\/div><div  class=\"fusion-layout-column fusion_builder_column fusion_builder_column_1_1 fusion-builder-column-5 fusion-one-full fusion-column-first fusion-column-last fusion-column-no-min-height 1_1\"  style='margin-top:0px;margin-bottom:0px;'>\n\t\t\t\t\t<div class=\"fusion-column-wrapper\" style=\"background-position:left top;background-repeat:no-repeat;-webkit-background-size:cover;-moz-background-size:cover;-o-background-size:cover;background-size:cover;\"   data-bg-url=\"\">\n\t\t\t\t\t\t<div class=\"fusion-text\"><p style=\"text-align: justify;\"><strong style=\"line-height: 1.5;\">Descarga documentos RENFA<\/strong><\/p>\n<p><div class='w3eden'><!-- WPDM Link Template: Call to Action 3 -->\n\n<div class=\"well c2a3\">\n    <div class=\"media\">\n        <div class=\"mr-3\" align=\"left\">\n            <img class=\"wpdm_icon\" alt=\"Icon\"   src=\"http:\/\/renfa.sma.gob.cl\/wp-content\/plugins\/download-manager\/assets\/file-type-icons\/pdf.png\" \/>\n        <\/div>\n        <div class=\"media-body\">\n            <h3 class=\"media-heading\" style=\"padding-top: 0px;border:0px;margin: 0 0 5px 0;font-size:12pt;\">\n                <a style=\"font-weight: 700\" href=\"https:\/\/renfa.sma.gob.cl\/index.php\/download\/resolucion-renfa\/\">Resolucion Aprueba Convenio Renfa<\/a>\n                <span style=\"font-size:8pt;font-weight:300\" class=\"text-muted ml-4\">\n                    <i class=\"fa fa-hdd mr-1\"><\/i> 4.48 MB\n                    <i class=\"ml-3 fa fa-arrow-alt-circle-down mr-1\"><\/i> 583 downloads\n                <\/span>\n            <\/h3>\n            ...\n        <\/div>\n        <div class=\"ml-3\" align=\"right\">\n            <a class='wpdm-download-link download-on-click btn btn-primary ' rel='nofollow' href='#' data-downloadurl=\"https:\/\/renfa.sma.gob.cl\/index.php\/download\/resolucion-renfa\/?wpdmdl=12262&refresh=69df8d0e9c6bf1776258318\">Descargar<\/a>\n        <\/div>\n    <\/div>\n\n<\/div>\n<style>\n    .well.c2a3 .btn {\n        padding: 11px 30px;\n        font-size: 11pt;\n    }\n\n    .well.c2a3 .media-body {\n        font-size: 11pt;\n    }\n\n    .well.c2a3 .wpdm_icon {\n        height: 42px;\n        width: auto;\n    }<\/style><\/div>\n<div class='w3eden'><!-- WPDM Link Template: Call to Action 3 -->\n\n<div class=\"well c2a3\">\n    <div class=\"media\">\n        <div class=\"mr-3\" align=\"left\">\n            <img class=\"wpdm_icon\" alt=\"Icon\"   src=\"http:\/\/renfa.sma.gob.cl\/wp-content\/plugins\/download-manager\/assets\/file-type-icons\/pdf.png\" \/>\n        <\/div>\n        <div class=\"media-body\">\n            <h3 class=\"media-heading\" style=\"padding-top: 0px;border:0px;margin: 0 0 5px 0;font-size:12pt;\">\n                <a style=\"font-weight: 700\" href=\"https:\/\/renfa.sma.gob.cl\/index.php\/download\/estructura-organica-renfa-4\/\">Estructura Org\u00e1nica RENFA<\/a>\n                <span style=\"font-size:8pt;font-weight:300\" class=\"text-muted ml-4\">\n                    <i class=\"fa fa-hdd mr-1\"><\/i> 693.22 KB\n                    <i class=\"ml-3 fa fa-arrow-alt-circle-down mr-1\"><\/i> 618 downloads\n                <\/span>\n            <\/h3>\n            ...\n        <\/div>\n        <div class=\"ml-3\" align=\"right\">\n            <a class='wpdm-download-link download-on-click btn btn-primary ' rel='nofollow' href='#' data-downloadurl=\"https:\/\/renfa.sma.gob.cl\/index.php\/download\/estructura-organica-renfa-4\/?wpdmdl=13242&refresh=69df8d0ea6a661776258318\">Descargar<\/a>\n        <\/div>\n    <\/div>\n\n<\/div>\n<style>\n    .well.c2a3 .btn {\n        padding: 11px 30px;\n        font-size: 11pt;\n    }\n\n    .well.c2a3 .media-body {\n        font-size: 11pt;\n    }\n\n    .well.c2a3 .wpdm_icon {\n        height: 42px;\n        width: auto;\n    }<\/style><\/div>\n<div class='w3eden'><!-- WPDM Link Template: Call to Action 3 -->\n\n<div class=\"well c2a3\">\n    <div class=\"media\">\n        <div class=\"mr-3\" align=\"left\">\n            <img class=\"wpdm_icon\" alt=\"Icon\" src=\"https:\/\/renfa.sma.gob.cl\/wp-content\/plugins\/download-manager\/assets\/file-type-icons\/PDF.svg\" onError='this.src=\"https:\/\/renfa.sma.gob.cl\/wp-content\/plugins\/download-manager\/assets\/file-type-icons\/unknown.svg\";' \/>\n        <\/div>\n        <div class=\"media-body\">\n            <h3 class=\"media-heading\" style=\"padding-top: 0px;border:0px;margin: 0 0 5px 0;font-size:12pt;\">\n                <a style=\"font-weight: 700\" href=\"https:\/\/renfa.sma.gob.cl\/index.php\/download\/r-e-n-1292-plan-renfa-2017-2023\/\">R.E N\u00b0 1292 - Plan RENFA 2017-2023<\/a>\n                <span style=\"font-size:8pt;font-weight:300\" class=\"text-muted ml-4\">\n                    <i class=\"fa fa-hdd mr-1\"><\/i> 4.69 MB\n                    <i class=\"ml-3 fa fa-arrow-alt-circle-down mr-1\"><\/i> 736 downloads\n                <\/span>\n            <\/h3>\n            ...\n        <\/div>\n        <div class=\"ml-3\" align=\"right\">\n            <a class='wpdm-download-link download-on-click btn btn-primary ' rel='nofollow' href='#' data-downloadurl=\"https:\/\/renfa.sma.gob.cl\/index.php\/download\/r-e-n-1292-plan-renfa-2017-2023\/?wpdmdl=14404&refresh=69df8d0ea8bfa1776258318\">Descargar<\/a>\n        <\/div>\n    <\/div>\n\n<\/div>\n<style>\n    .well.c2a3 .btn {\n        padding: 11px 30px;\n        font-size: 11pt;\n    }\n\n    .well.c2a3 .media-body {\n        font-size: 11pt;\n    }\n\n    .well.c2a3 .wpdm_icon {\n        height: 42px;\n        width: auto;\n    }<\/style><\/div><\/p>\n<\/div><div class=\"fusion-clearfix\"><\/div>\n\n\t\t\t\t\t<\/div>\n\t\t\t\t<\/div><\/div><\/div><div class=\"fusion-fullwidth fullwidth-box hundred-percent-fullwidth non-hundred-percent-height-scrolling\"  style='background-color: #ffffff;background-position: center center;background-repeat: no-repeat;padding-top:0px;padding-right:0px;padding-bottom:0px;padding-left:0px;'><div class=\"fusion-builder-row fusion-row \"><div  class=\"fusion-layout-column fusion_builder_column fusion_builder_column_1_1 fusion-builder-column-6 fusion-one-full fusion-column-first fusion-column-last fusion-column-no-min-height 1_1\"  style='margin-top:0px;margin-bottom:0px;'>\n\t\t\t\t\t<div class=\"fusion-column-wrapper\" style=\"background-position:left top;background-repeat:no-repeat;-webkit-background-size:cover;-moz-background-size:cover;-o-background-size:cover;background-size:cover;\"   data-bg-url=\"\">\n\t\t\t\t\t\t<div class=\"fusion-modal modal fade modal-1 modal_super\" tabindex=\"-1\" role=\"dialog\" aria-labelledby=\"modal-heading-1\" aria-hidden=\"true\"><style type=\"text\/css\">.modal-1 .modal-header, .modal-1 .modal-footer{border-color:#ebebeb;}<\/style><div class=\"modal-dialog modal-lg\"><div class=\"modal-content fusion-modal-content\" style=\"background-color:#f6f6f6\"><div class=\"modal-header\"><button class=\"close\" type=\"button\" data-dismiss=\"modal\" aria-hidden=\"true\">&times;<\/button><h3 class=\"modal-title\" id=\"modal-heading-1\" data-dismiss=\"modal\" aria-hidden=\"true\"><\/h3><\/div><div class=\"modal-body fusion-clearfix\">\n<h1 style=\"text-align: justify;\">Bienvenidos al futuro<\/h1>\n<p style=\"text-align: justify;\">Por Cristi\u00e1n Franz Thorud, Superintendente del Medio Ambiente<\/p>\n<p style=\"text-align: justify;\"><em>\u201cDurante la \u00faltima d\u00e9cada, hemos visto c\u00f3mo la preocupaci\u00f3n social por el medio ambiente aumenta exponencialmente. En Chile, como sabemos, nuestra Constituci\u00f3n asegura a los chilenos y chilenas el derecho a vivir en un medio ambiente libre de contaminaci\u00f3n. Esta misma garant\u00eda es refrendada de una u otra manera por variados instrumentos internacionales a los cuales hemos adherido.<\/em><\/p>\n<p style=\"text-align: justify;\"><em>Recogiendo las recomendaciones de la Organizaci\u00f3n de Cooperaci\u00f3n y Desarrollo Econ\u00f3micos (OCDE), en 2010 Chile dio un gran salto, modernizando su Institucionalidad Ambiental. En efecto, se crearon el Ministerio del Medio Ambiente, el Servicio de Evaluaci\u00f3n Ambiental y la Superintendencia del Medio Ambiente; los que se vieron complementados en 2012 por la ley que crea los Tribunales Ambientales.<\/em><\/p>\n<p style=\"text-align: justify;\"><em>Han pasado algunos a\u00f1os de la creaci\u00f3n de la Superintendencia, per\u00edodo en el cual hemos reconocido la importancia de trabajar en conjunto con los distintos actores que nos permitan hacer de Chile un pa\u00eds mejor. En consideraci\u00f3n a lo anterior, nos hemos propuesto como misi\u00f3n institucional proteger el medio ambiente y la salud de las personas, asegurando el cumplimiento de la normativa ambiental.<\/em><\/p>\n<p style=\"text-align: justify;\"><em>Para cumplir con esta misi\u00f3n, es necesario trabajar en forma coordinada con todos los organismos que ejecutan acciones en materia ambiental. Entendemos lo anterior como un trabajo en redes, fundamental para alcanzar las metas establecidas en materia de fiscalizaci\u00f3n y cumplimiento ambiental.<\/em><\/p>\n<p style=\"text-align: justify;\"><em>Por esta raz\u00f3n, en agosto de 2014 lanzamos la Red Nacional de Fiscalizaci\u00f3n Ambiental (RENFA), se trata de una plataforma que genera sinergias en el trabajo de 16 servicios p\u00fablicos que tienen competencias en el \u00e1mbito ambiental. \u2028Con esta red Chile gana en una organizaci\u00f3n que permite un trabajo coordinado y con mayores eficiencias en el uso de los recursos del Estado, que son de todos los chilenos y chilenas.<\/em><\/p>\n<p style=\"text-align: justify;\"><em>En la RENFA participan 16 servicios p\u00fablicos que hist\u00f3ricamente han tenido atribuciones para fiscalizar temas ambientales de su competencia. La diferencia ahora, es que al alero de la coordinaci\u00f3n t\u00e9cnica de la Superintendencia estamos haciendo m\u00e1s eficiente y oportuno el trabajo de aquellos, pues las afectaciones a cursos de agua, aire o comunidades deben enfrentarse desde un punto de vista que integre distintas disciplinas.<\/em><\/p>\n<p style=\"text-align: justify;\"><em>El objetivo de la RENFA es crear una instancia de encuentro y colaboraci\u00f3n t\u00e9cnica entre los organismos del Estado que desarrollan actividades de fiscalizaci\u00f3n ambiental y que se encuentran sujetos a las directrices que dicte la Superintendencia del Medio Ambiente en esta materia, en los t\u00e9rminos expresados en el art\u00edculo 22 de la Ley Org\u00e1nica de la Superintendencia.<\/em><\/p>\n<p style=\"text-align: justify;\"><em>En este sentido, la RENFA busca fundamentalmente compartir conocimiento t\u00e9cnico sobre metodolog\u00edas, procedimientos y protocolos de fiscalizaci\u00f3n ambiental, a fin de evaluar el cumplimiento de la normativa ambiental, por parte de los sujetos fiscalizados.<\/em><\/p>\n<p style=\"text-align: justify;\"><em>Para el cumplimiento de sus fines, la RENFA organiza entre otras actividades y sin que el enunciado sea taxativo, capacitaciones, charlas, seminarios y otras actividades orientadas a compartir experiencias y difundir conocimientos sobre medio ambiente y fiscalizaci\u00f3n ambiental, tanto a nivel nacional como internacional.\u201d<\/em><\/p>\n<\/div><\/div><\/div><\/div><div class=\"fusion-clearfix\"><\/div>\n\n\t\t\t\t\t<\/div>\n\t\t\t\t<\/div><\/div><\/div><\/p>\n","protected":false},"excerpt":{"rendered":"","protected":false},"author":1,"featured_media":0,"parent":0,"menu_order":0,"comment_status":"closed","ping_status":"closed","template":"","meta":{"footnotes":""},"_links":{"self":[{"href":"https:\/\/renfa.sma.gob.cl\/index.php\/wp-json\/wp\/v2\/pages\/11710"}],"collection":[{"href":"https:\/\/renfa.sma.gob.cl\/index.php\/wp-json\/wp\/v2\/pages"}],"about":[{"href":"https:\/\/renfa.sma.gob.cl\/index.php\/wp-json\/wp\/v2\/types\/page"}],"author":[{"embeddable":true,"href":"https:\/\/renfa.sma.gob.cl\/index.php\/wp-json\/wp\/v2\/users\/1"}],"replies":[{"embeddable":true,"href":"https:\/\/renfa.sma.gob.cl\/index.php\/wp-json\/wp\/v2\/comments?post=11710"}],"version-history":[{"count":74,"href":"https:\/\/renfa.sma.gob.cl\/index.php\/wp-json\/wp\/v2\/pages\/11710\/revisions"}],"predecessor-version":[{"id":14599,"href":"https:\/\/renfa.sma.gob.cl\/index.php\/wp-json\/wp\/v2\/pages\/11710\/revisions\/14599"}],"wp:attachment":[{"href":"https:\/\/renfa.sma.gob.cl\/index.php\/wp-json\/wp\/v2\/media?parent=11710"}],"curies":[{"name":"wp","href":"https:\/\/api.w.org\/{rel}","templated":true}]}}